-5)?
-10
Let c(j) = -4*j - 13. Suppose 0 = -41*m - 1370 + 1288. Give c(m).
-5
Let y be (2 - (-2 - -1))/(27/18). Let p(i) = -3*i**3 - i**2 - 4*i + 4. What is p(y)?
-32
Let s(d) = d**2 - 5*d + 1. Suppose 3*f + y - 13 = 0, 21 - 2 = 5*f - y. Suppose 0 = -0*z - 5*z - 4*k - 20, -4*z + k = -5. Suppose z*a - a = -f. What is s(a)?
-3
Let h(i) be the first derivative of 9*i**2 - 9*i + 145. Give h(1).
9
Let g(t) = -6*t - 21. Let c(o) = o**2 - o - 54. Let s be c(7). What is g(s)?
51
Let h(v) = v - 11. Let l(x) be the first derivative of 1/2*x**2 - 17 - 11*x. Let q(w) = 5*h(w) - 4*l(w). Calculate q(0).
-11
Let x(s) = -s + 77. Suppose -5*c + 19*u - 9*u = -175, c = -3*u - 5. Give x(c).
58
Let j(a) = a**3 + 35*a**2 - 115*a - 47. Let t(o) = 7*o**2 - 63*o + 88. Let w be t(6). Give j(w).
-9
Let p(s) = -17*s - 188. Let y be p(-11). Let h(b) = -33*b**2 + b. Determine h(y).
-34
Let t(y) = -y**2 - 4*y + 20. Suppose -297 = -86*l + 219. Determine t(l).
-40
Suppose 39*q = 52*q - 26. Let z(s) be the first derivative of 1/3*s**3 + 4*s - 11 + 1/4*s**4 - 1/2*s**q. What is z(-3)?
-11
Let c(u) = u**3 - 4*u**2 - 34*u + 48. Let i be c(-5). Let w(x) = x**3 + 7*x**2 - 8*x - 42. Give w(i).
14
Suppose 2*x - 10 = -3*x. Suppose -3*j = 2*j + 20, u + x = -j. Let v(d) = 3*d + 1 + 784*d**2 - 7*d + 0 - 782*d**2 + 2*d. Give v(u).
5
Let f(c) = 3*c**2 - 2*c - 1. Let n be f(-1). Suppose 4*k = 4*v - 20, 5*k - 3*k = -n*v + 14. Let j(a) = -8*a + 1. What is j(k)?
9
Let i(y) = 0*y**2 + 3 - 4*y - y**2 - 5. Let f(w) = -77*w + 4847. Let g be f(63). Give i(g).
-2
Let l(o) = o**2 - 3*o - 2. Let m(a) be the second derivative of -a**4/6 + 5*a**3/6 + 5*a**2/2 - 17*a - 2. Let u(g) = -5*l(g) - 3*m(g). What is u(4)?
11
Suppose 4*h + 76 = -4*i, 0*i - 2*i + 38 = -2*h. Let t(l) = 2*l**3 + 39*l**2 + 21*l + 35. Calculate t(h).
-3
Let a(x) be the first derivative of x**3/3 - 4*x**2 - 24*x - 3013. Determine a(-3).
9
Let j(d) = -d**2 - 3*d - 4. Suppose 0 = -11*m + 6*m + 25. Suppose -7*y + 3*y - 97 = -m*r, -44 = 3*y + 2*r. Let l = -21 - y. Determine j(l).
-4
Suppose 28 = 4*s - 4*c, 27 = 2*s - s - 5*c. Let v(b) = -2*b - 3*b + b**3 + b - 7 + 2 + 5*b**s. Give v(-5).
15
Let h be (2 + -3 + 2 - -21)/(-2). Let f(b) = -7*b - 72. Let j be f(h). Let n(a) = -a**2 + 2*a + 5. What is n(j)?
-10
Let z(t) = -2*t + 3. Let m(i) be the third derivative of i**4/3 - 3*i**3/2 - 3*i**2 + 7*i. Let q(p) = -4*m(p) - 14*z(p). Calculate q(5).
-26
Let y(c) = 2*c**3 + c**2 - 2. Let i(v) = 21*v**3 - 3*v**2 + 14*v - 48. Let x(m) = i(m) - 11*y(m). Determine x(-15).
-11
Let z(q) = -q + 59. Let b = 341 + -309. Calculate z(b).
27
Let s(m) be the third derivative of 2*m**2 + 0*m + 4/3*m**3 + 7 - 3/8*m**4 - 1/60*m**5. Determine s(-8).
16
Let o(n) = 19*n + 49. Let l = -26057 - -26053. Determine o(l).
-27
Suppose 0 = 4*c + 2*d + d + 48, 0 = 5*c + 3*d + 57. Let t(o) be the second derivative of o**5/20 + 5*o**4/6 + 11*o**3/6 + 5*o**2 + 21*o. What is t(c)?
-8
Let k(j) = 5*j**3 + 118*j**2 + 24*j - 25*j - 4*j**3 - 113*j**2 - 9. Calculate k(-5).
-4
Let s(k) = -50*k**2 + 1 + k + 157*k**2 - 51*k**2 - 69*k**2. Let m = -4 - -3. Give s(m).
-13
Let g(m) = 6*m**2 + 10*m + 10. Let a(v) = 3*v**2 + 4*v + 5. Let z(r) = -11*a(r) + 5*g(r). Determine z(2).
-5
Suppose 0 = 15*h - 11*h + 3*b + 58, -5*h - 56 = b. Let y(s) = -s**3 - 8*s**2 + 21*s + 3. Determine y(h).
-7
Suppose 2*r - 10 = 2*l, -66*r = -2*l - 70*r + 44. Let u(b) = 6*b + 3*b**2 + 0*b**2 - 4*b**2 - 5. Determine u(l).
3
Suppose 0 = 6*y + 767 + 619. Let d = y - -231. Let w(k) = -k**2 + k - 4. Give w(d).
-4
Let c(y) = -y**3 - 9*y**2 - y - 12. Suppose 53 = -7*h - 1354. Let g = h + 192. Determine c(g).
-3
Let w be 18/15*(-1100)/(-330). Let l(s) = s - 6. What is l(w)?
-2
Let p(i) = -14*i + 18. Let y be 22/2 - (71 - 57). Calculate p(y).
60
Let j(d) = -24*d**2 - 4*d**3 + 3*d - 17*d**3 + 35*d**3 - 15*d**3 + 75. What is j(-24)?
3
Let n(w) = -22*w**2 - 93*w - 198. Let q(l) = 5*l**2 + 23*l + 49. Let b(m) = -2*n(m) - 9*q(m). What is b(-19)?
-7
Suppose 0 = 7*m - 3*m - 27*m - 184. Let w(a) = 3*a**2 + 7*a - 39. Calculate w(m).
97
Let b(o) be the third derivative of o**4/24 - 7*o**3/6 - 1199*o**2. What is b(-3)?
-10
Let n(v) = -98 - 97*v**3 - 97*v**3 + 292*v**3 + 5*v - 7*v**2 + 0*v**2 - 97*v**3. What is n(8)?
6
Let c = -12086 - -12086. Let z(w) be the second derivative of -1/2*w**2 + 27*w + c - 1/6*w**3. What is z(-2)?
1
Let v(h) be the third derivative of -h**4/24 - h**3/6 - 7*h**2 + 6. What is v(1)?
-2
Let q(m) be the first derivative of -m**4/4 + 6*m**3 - 7*m + 1485. Determine q(18).
-7
Let o(k) = -13*k + 51*k - 18*k - 43*k**3 + 42*k**3 - 4 - 18*k + 9*k**2. Determine o(9).
14
Let y = 45 - 49. Let d(j) = 58*j - 40*j - 19*j - 5 - j**3 - 5*j**2. Determine d(y).
-17
Let f(m) = 10*m + 3. Suppose 0 = 4*w - 318 + 318. Let z be (w/20 - (2 + 1)) + 1. Determine f(z).
-17
Suppose 5*z - 3*h = 20, h - 2*h + 4 = z. Let v(j) = 12 - 3*j + z*j - 2. What is v(0)?
10
Let o(y) = 8*y - 12. Let r be o(2). Suppose 0 = 5*j + 2*x + 18, 26 = -j - r*j - 4*x. Let l(z) = 3*z**3 + z**2 - 2*z + 1. What is l(j)?
-15
Let i be 8/(-6)*(117/(-1248))/(9/6). Let r(f) be the third derivative of 20*f**2 + 0*f + 0*f**3 - i*f**4 + 0. What is r(-3)?
6
Let p(w) = -w - 19. Let x(r) = -r**3 - 21*r**2 + 7*r - 345. Let l be x(-22). Calculate p(l).
-4
Suppose -3*t - 33 = -0. Let x(k) = 15*k**2 + 48*k - 18. Let f(w) = -7*w**2 - 23*w + 8. Let q(v) = 13*f(v) + 6*x(v). What is q(t)?
-4
Suppose -118*b - 36 = -19*b + 1152. Let c(p) = -2*p**3 - 22*p**2 + 18*p - 70. What is c(b)?
2
Let m = 27344 + -27363. Let s(p) = -p**3 - 18*p**2 + 21*p + 22. Give s(m).
-16
Let g be 153/126*-6 - (-60)/(-84). Let n(t) = 6 + 5*t + 4 - 2. Determine n(g).
-32
Let t(m) = m**2 - 22*m - 43. Let o be t(24). Let d(n) = 8*n**2 + 0 + 5*n**2 - 6 - 2*n**3 - o + n**3. What is d(13)?
-11
Let f = 6 - 3. Let q(z) = -1274869*z**3 + 1274868*z**3 - 3 + 4 + 3*z**2. Calculate q(f).
1
Let r(u) be the second derivative of -u**5/40 - u**4/2 + 7*u**3/3 + 3*u**2/2 - 15*u + 2. Let f(d) be the second derivative of r(d). Calculate f(-5).
3
Let o(z) be the second derivative of z**5/20 + 5*z**4/12 + 13*z**3/6 + 5*z**2 - 933*z - 3. Give o(-5).
-55
Let m(k) = 4*k**2 + 32*k - 417. Let v be m(-15). Let f(w) be the first derivative of w - 15 + 5/3*w**v + w**2. What is f(-1)?
4
Suppose -5*k = -3*c - 60, c = -k - 20 + 24. Let s(d) = d**2 - 12*d + 21. Give s(k).
-6
Let j(t) be the first derivative of t**2 - 11*t + 1. Suppose -5*p = -4*c + 39, -3*c - 5*p - 485 + 488 = 0. Give j(c).
1
Let c(p) be the first derivative of -p**6/360 - p**5/30 + p**4/12 - 8*p**3/3 - 4*p - 40. Let r(d) be the third derivative of c(d). What is r(-6)?
-10
Let o(m) = -2*m**2 + 3*m**2 - 2068653*m + 2 + 2068656*m. Suppose -2*n = -2*b - 3*b, -2*n = 3*b. Suppose n*q - 24 = 4*q. Determine o(q).
20
Let d(i) = i**3 - i**2 + i - 1. Let g(x) = x**2 - 3*x + 5*x + 5*x**3 - 3*x**2 - 275 + 274. Let o(v) = 4*d(v) - g(v). Determine o(-3).
0
Let c(v) = -25*v + 48*v - 24*v - 21 - 14*v**2 - 30*v + v**3. Determine c(16).
-5
Suppose 5*b = -1 + 11. Let a(s) = s + 1. Let d be (-30)/5 + 3 - -6. Let z(v) = -10*v - 2. Let i(y) = d*a(y) + z(y). Calculate i(b).
-13
Let r(g) be the first derivative of g**2/2 - 2*g + 1. Suppose 7*c - 7 = 56. Suppose -c*w + 8 = 53. Calculate r(w).
-7
Let h(t) = -5*t - 4. Let i(q) = 4*q + 2. Let c(f) = -6*h(f) - 10*i(f). What is c(5)?
-46
Let v(o) = -o + 7. Let j = -48 + 85. Let z be -7 - -2 - (-10 - (-7 - -2)). Suppose m - 31 + j = z. Calculate v(m).
13
Let l(r) = -5 - 5*r - 2 + 128*r**2 - 65*r**2 - 61*r**2. Calculate l(5).
18
Let x(t) = -2*t**2 + 33*t + 21. Let n(w) = -47*w - 7787. Let i be n(-166). Give x(i).
66
Suppose -6*t + 4*t - 3*u = -39, 2*u = -2*t + 42. Let c(m) = 5 - t*m**2 - 29*m**2 + 54*m**2 - 5*m. Give c(5).
5
Let r(g) = 3*g - 153 - 7*g - g - 145 + 313. Determine r(5).
-10
Let u(m) = -m**3 + 12*m**2 + m - 12. Let d be (-4)/(-24)*6 + 11. Let g be u(d). Let b(o) = o**2 - o + 13. What is b(g)?
13
Let y be 5*72/150*(-5)/(-2). Let o(z) = -5*z**2 + 8*z + y*z - 14*z. Give o(1).
-5
Let n(x) = 56*x + 28. Let f(t) = -67*t - 33. Let k(j) = 5*f(j) + 6*n(j). Determine k(6).
9
Let u(l) be the first derivative of l**4/8 + 7*l**3/3 + 109*l**2/2 - l - 64. Let v(x) be the second derivative of u(x). Calculate v(-5).
-1
Suppose -51*t = 99*t - 527 - 1423. Let g(b) 